f**2 - 8*f + 9. Let g(m) = 5*j(m) - 6*r(m). Let b(i) = i**2 - i - 373. Let o be b(-19). Determine g(o).
-2
Suppose 4*t = -53 + 85. Let x(f) = f**3 - 9*f**2 + 6*f + 11. What is x(t)?
-5
Let f = 648 + -653. Let a(l) = -l**3 - 5*l**2 - 7*l - 4. What is a(f)?
31
Let w(p) = p**2 + 5*p - 2. Let r be (-62)/(-5)*1*(-50)/(-20). Suppose -11 = 7*b + r. What is w(b)?
4
Let q(z) = -7*z**3 + 10*z**2 + 19*z - 5. Let s(u) = -11*u**3 + 15*u**2 + 29*u - 7. Let g(v) = 8*q(v) - 5*s(v). Determine g(6).
1
Let b(d) = -d - 3 - d - d. Suppose -f - r = -39, -5*f + 183 = -0*f + 2*r. Let n = -37 + f. What is b(n)?
3
Let b(x) = x**3 + x**2 + 4*x + 6. Let l(u) = -u**3 - 6*u**2 - 8*u - 50. Let h be l(-6). Determine b(h).
-6
Let l(i) = -i - 11. Suppose 3*j + 6*w = w - 27, 4 = -4*j + 4*w. Give l(j).
-7
Let z(f) = f**3 + 3*f**2 + 5*f + 4. Let y = 88 - 84. Let l = 1 - y. Determine z(l).
-11
Let a(s) = -s**2 + 7*s - 7. Let j(v) = -v**2 - 23*v + 27. Let y be j(-24). Determine a(y).
5
Let a(r) be the first derivative of -r**3/3 + 4. Suppose 0 = 2*x - 3*w - 17, 5*w + 18 = 2*x - 9. Give a(x).
-1
Let z(h) be the third derivative of h**6/120 - h**5/12 + h**4/12 - h**3/3 - 10*h**2. Suppose -6*n + n + 10 = 0, 5*d + 2*n = 29. Give z(d).
8
Let l(c) = -3 + 13*c - 4 + 10*c - 24*c + 0. Give l(-5).
-2
Let s(l) = 2*l - 4 + 5*l - l - 4*l. Suppose 36 = -2*b + 5*b. Suppose 5*w = b + 3. Calculate s(w).
2
Let n = -3 - -5. Let v(s) = 4*s**2 - s + 13. Let l(r) = -r**3 - 20*r**2 + 4*r - 71. Let t(y) = 2*l(y) + 11*v(y). Give t(n).
-5
Suppose 0 = -5*b - 1 + 11. Suppose 10 = 5*z - 5*w, -1 = b*z + 5*w - 5. Let t(r) = 5*r - 2. Give t(z).
8
Let v be (-59)/6 - 5/30. Let p(i) = -i - 8. Let o be p(v). Let u(c) be the second derivative of c**5/20 + c**4/12 - c**3/2 + c**2/2 - 4*c. Give u(o).
7
Let a = 0 - -8. Suppose -2*o - a = -3*o. Let m(z) = z - o - 1 + 0*z + 2. Determine m(6).
-1
Let b(x) = 10 - 1 - 11 - 4 + x. What is b(-14)?
-20
Suppose -4*v = m - 45, 5*m - 90 = m + 2*v. Let y(d) = m + 19 - d - 46. Give y(-6).
4
Let c(r) = 2*r**2 - 13*r - 11. Let p(v) = -5*v**2 + 33*v + 33. Let k(z) = 8*c(z) + 3*p(z). What is k(3)?
5
Let l(j) = -j**3 + 17*j**2 + 17*j + 15. Let s = -66 - -84. What is l(s)?
-3
Let r = -273 + 264. Let i(b) = b**2 + 10*b - 12. Give i(r).
-21
Let b(w) = -w**2 + 2*w - 1. Let t be 0/(-2) - (-8)/(-4). Let x be -1*(t - -2)*1. Suppose -q + 3*q + 4 = x. Calculate b(q).
-9
Let b be 13 + -4 - 2*1. Suppose 8*i - b*i = 2. Let w(n) = -26 - 31 + 58 + n. What is w(i)?
3
Let k(q) be the second derivative of -q**4/12 - 2*q**3/3 + q**2/2 + 491*q. Calculate k(-5).
-4
Let f(i) be the second derivative of i**4/3 + 2*i**3/3 - i**2 - 4*i. Let v be f(-2). Let y = 3 - v. Let m(l) = l + 2. Calculate m(y).
-1
Let b(l) be the first derivative of -14*l**3/3 + l**2/2 - l + 631. Calculate b(1).
-14
Let u(r) be the second derivative of r**5/20 - r**4/4 - 4*r**3/3 + 5*r**2 + 57*r. What is u(4)?
-6
Let a(v) be the first derivative of v**6/120 + v**5/20 - v**4/12 - v**3/6 - 10*v**2 + 10. Let c(x) be the second derivative of a(x). What is c(2)?
15
Let n(u) = -2*u**3 + 5*u**2 - u - 2. Let c be 0*(-3 + 8/4). Suppose c = 4*q + o - 20, -5*q + 3*o + 16 = 2*o. Let l be -4*((-3)/q)/1. What is n(l)?
-14
Let c(f) = -f**3 - 2*f**2 + 3*f + 2. Let l = -20 + 22. Suppose -l*s = -3*z + 4, -5*s - z - z - 10 = 0. Give c(s).
-4
Let m(g) be the third derivative of g**5/60 + 7*g**4/8 + 9*g**3/2 - 5*g**2 + 13*g. Give m(-19).
-11
Let u(v) = -5*v - v + 0 + 1. Let c(a) = -7*a + 29. Let j be c(4). Calculate u(j).
-5
Let z be 6 + -1 + 14/(-2). Let n(r) = r**3 + r**2. Determine n(z).
-4
Let j(o) = -o**3 - o**2 + o - 2. Let d = 101 + -103. Determine j(d).
0
Let u(i) = -i**2 - 10*i + 1. Let c = 112 + -122. Determine u(c).
1
Let v(r) = -601*r - 603*r + 6 + 1201*r. Calculate v(4).
-6
Let k(m) = -2*m**2 + 3*m + 4. Let i be -5*(1*3)/((-4)/12). Let a = -42 + i. Give k(a).
-5
Let h(z) = -9*z - 2. Let x(n) = -9*n - 2. Let y(m) = 4*h(m) - 3*x(m). Calculate y(1).
-11
Suppose -2*d + 11 - 3 = 0. Let m(j) = -1 + d - 7 - 2*j. Calculate m(-3).
2
Let s(k) = 8*k - 27. Let z(c) = 23*c - 76. Let r(l) = 17*s(l) - 6*z(l). What is r(-8)?
13
Let d(h) = -2*h**2 + h. Let l be -4*(-3)/((-24)/14). Let m(g) = 2*g**2 - g. Let a(j) = l*m(j) - 6*d(j). What is a(1)?
-1
Let u(i) = 5*i - 12 + 0*i**2 + 0*i**2 + 2*i**2 - i**2. Calculate u(-6).
-6
Suppose y + 3*z - 2*z = -1, 4*y + 2 = -3*z. Let w be -6*1*3/(-6). Let b(f) = 2*f**2 + 2*f**2 + f - 2*f - 11*f**w - 2*f**2. Determine b(y).
-10
Let f(z) = -z**3 + 10*z**2 + 2. Let g(x) = -2*x**3 + 22*x**2 - x + 4. Let p(m) = -5*f(m) + 2*g(m). What is p(6)?
-14
Let w(o) = o**3 + 2*o**2 - 2*o - 4. Suppose -3*n - 4 = 2*s - 6, 5*n = 3*s - 22. Give w(n).
0
Let x be 150/22 - (-4)/22. Let c(l) = l - 1. Let y be c(x). Let h(b) be the second derivative of -b**3/6 + b**2/2 - 52*b. Give h(y).
-5
Let t(w) be the third derivative of w**6/120 + w**5/10 + 5*w**4/24 - 7*w**3/6 - 25*w**2. Suppose 0 = -4*v + d - 24, 0 = 4*v - 3*v + 2*d - 3. Give t(v).
-7
Let t(r) = 7*r**2 - 28*r - 31. Let j(h) = 4*h**2 - 15*h - 15. Let b(i) = 5*j(i) - 3*t(i). What is b(10)?
8
Suppose 28 = 4*f + 12. Let t(u) = -u**2 - 33*u + 3 + 36*u - 4. Give t(f).
-5
Let l = -419 - -419. Let f(v) be the third derivative of -1/40*v**6 + 6*v**2 + l*v**3 + 0*v + 0 + 1/60*v**5 + 0*v**4. Determine f(-1).
4
Let t(b) = 2*b**3 + 3*b**2 - 2*b + 2. Let a(y) = y**3 + 4*y**2 - y + 1. Let c(s) = -3*a(s) + 2*t(s). Suppose -6*x - 145 = -37. Let r = -12 - x. Determine c(r).
-5
Let s(z) = z**2 + 10*z + 10. Let l be s(-7). Let o(n) = -n**2 - 11*n + 5. Give o(l).
5
Let z = 2 + 57. Let h = z - 59. Let p(i) = i**2 - i - 8. Calculate p(h).
-8
Let k(v) = -v + 3. Let x(z) = z + 1. Suppose 4*j - j = -12. Let a(r) = j*x(r) - 2*k(r). Give a(-8).
6
Let v be (-1 - -3)*(-1)/2. Let t be v/(-5) + (-2)/10. Let f(w) = 4*w - 8*w + 0*w + 5*w + 10. Give f(t).
10
Let i(b) = b**2 - 9*b + 8. Let r(c) = -c**2 - 25*c + 156. Let y be r(5). What is i(y)?
-10
Let g(v) = v**2 - 23*v + 116. Let m be g(8). Let o(h) = h - 6. Calculate o(m).
-10
Let m(l) = l**3 - 6*l**2 + 6*l - 6. Suppose 44 - 20 = 6*q. Calculate m(q).
-14
Let m(c) = -6*c - 197 + 11*c + 195. Determine m(3).
13
Suppose -2*l + 12 = -2*w, -6*w = -2*l - 2*w + 22. Let f(q) = 1. Let h(m) = -12*m**2 - 3. Let x(z) = l*h(z) + 4*f(z). What is x(1)?
-11
Let n be (-9 + 9)*(0 - 1). Suppose n*j = 3*z - 2*j - 1, 3*j + 30 = -5*z. Let k(y) = 2*y + 4. What is k(z)?
-2
Let i(k) = -k**3 - 3*k**2 + 5*k + 1. Let p(h) = 1 + h**2 - 5*h + 3 + 0. Let s(l) = -4*l**2 + 16*l - 11. Let c(j) = 7*p(j) + 2*s(j). Let m be c(-5). Give i(m).
-3
Let s(x) = x**3 - 3*x**2 - x - 2. Suppose -5*t + 6 = 4*d, -153*d + 16 = -148*d + 2*t. Calculate s(d).
10
Let j(w) = -w**2 - 4*w + 4. Suppose 4*f + 0*f - 19 = v, 4*v + 37 = 3*f. What is j(v)?
-17
Let s(w) be the second derivative of -w**5/20 - w**4/12 + 2*w**3/3 - w**2/2 + 3*w + 1. Give s(-3).
5
Let i(z) = 11*z**2 + 0*z**2 + 2 + z**3 + 4*z - 8*z**2 + 4*z**2. Give i(-6).
14
Let p(k) = 17*k - 16. Let u(i) = -31*i + 32. Let l(t) = 11*p(t) + 6*u(t). Give l(-10).
6
Let t(w) = -7*w**3 - 18*w**2 + 5*w - 14. Let c(u) = 8*u**3 + 18*u**2 - 6*u + 14. Let a(k) = 6*c(k) + 7*t(k). Calculate a(-18).
4
Let y(v) = 4*v + 4. Suppose -5*g = 4*m - 11, 2*m + 16 = -2*m + 4*g. Let f be -5*4/(-10) + -4 + m. Calculate y(f).
-8
Let i(f) = 10*f + 1. Suppose 4*b + 13 = -s, 16*b + 2*s + 18 = 12*b. What is i(b)?
-19
Let n(p) = -3*p**2 - 14*p + 15. Let m(z) = -z**2 - 7*z + 7. Let q(a) = 5*m(a) - 2*n(a). Give q(6).
-1
Let c(x) = -3*x**2 - x. Let v(u) = u**2 - 4. Let k be v(3). Suppose 0*s = -k*s - 10. Calculate c(s).
-10
Let i(b) be the second derivative of -b**6/360 + b**5/20 - b**4/12 + b**3/2 + 18*b. Let h(y) be the second derivative of i(y). Give h(6).
-2
Let v(q) = 4*q**2 - 7*q + 3. Let n(h) = 11*h**2 - 21*h + 8. Suppose 4*w = -14 - 18. Let x(m) = w*v(m) + 3*n(m). What is x(8)?
8
Let w be ((-12)/2)/((-20)/(-8) - 1). Let t(j) = -5*j**3 - j**2 - 5. Let v(g) = -14*g**3 - 2*g**2 - 15. Let q(u) = 17*t(u) - 6*v(u). What is q(w)?
-11
Let j(w) = -154*w + 7. Let o(l) = -70*l + 3. Let q(r) = 4*j(r) - 9*o(r). What is q(1)?
15
Suppose 107*s - 111*s - 424 = 0. Let x = s + 101. Let o(r) = -r**3 - 4*r**2 + 3*r. Give o(x).
10
Let l(z) be the first derivative of 1/4*z**4 - 3*z - 1/2*z**2 + 12 + z**3. Determine l(-3)